{"id":5244,"date":"2025-01-15T14:48:09","date_gmt":"2025-01-15T13:48:09","guid":{"rendered":"https:\/\/www.naturemweltasbl.lu\/event\/chantiers-nature-2025\/"},"modified":"2025-01-15T14:54:08","modified_gmt":"2025-01-15T13:54:08","slug":"chantiers-nature-2025","status":"publish","type":"tribe_events","link":"https:\/\/www.naturemweltasbl.lu\/de\/event\/chantiers-nature-2025\/","title":{"rendered":"Chantiers nature 2025"},"content":{"rendered":"<p>Die in der vergangenen Brutsaison besetzten Nistk\u00e4sten werden gereinigt; neue K\u00e4sten werden an den B\u00e4umen festgemacht.<\/p>\n<p><b>Treffpunkt : <\/b>Bongert Altenhoven Bettembourg<\/p>\n<p><strong>Anmeldung<\/strong> bis zum 03.02.2025<\/p>\n<p><strong>Kontakt :\u00a0<\/strong> Usch Conrad : 621 779 010 \/ eugene.conrad@education.lu <i>natur&amp;\u00ebmwelt<span class=\"Apple-converted-space\">\u00a0<\/span><\/i><\/p>\n","protected":false},"excerpt":{"rendered":"<p>Die in der vergangenen Brutsaison besetzten Nistk\u00e4sten werden gereinigt; neue [&#8230;]<\/p>\n","protected":false},"author":6,"featured_media":5297,"template":"","meta":{"_tribe_events_status":"","_tribe_events_status_reason":"","footnotes":""},"tags":[],"tribe_events_cat":[253,242],"class_list":["post-5244","tribe_events","type-tribe_events","status-publish","has-post-thumbnail","hentry","tribe_events_cat-chantier-nature-de","tribe_events_cat-chantier-nature-fr-de","cat_chantier-nature-de","cat_chantier-nature-fr-de"],"yoast_head":"<!-- This site is optimized with the Yoast SEO plugin v27.5 - https:\/\/yoast.com\/product\/yoast-seo-wordpress\/ -->\n<title>Chantiers nature 2025 - natur&amp;\u00ebmwelt a.s.b.l.<\/title>\n<meta name=\"robots\" content=\"index, follow, max-snippet:-1, max-image-preview:large, max-video-preview:-1\" \/>\n<link rel=\"canonical\" href=\"https:\/\/www.naturemweltasbl.lu\/de\/event\/chantiers-nature-2025\/\" \/>\n<meta property=\"og:locale\" content=\"de_DE\" \/>\n<meta property=\"og:type\" content=\"article\" \/>\n<meta property=\"og:title\" content=\"Chantiers nature 2025 - natur&amp;\u00ebmwelt a.s.b.l.\" \/>\n<meta property=\"og:description\" content=\"Die in der vergangenen Brutsaison besetzten Nistk\u00e4sten werden gereinigt; neue [...]\" \/>\n<meta property=\"og:url\" content=\"https:\/\/www.naturemweltasbl.lu\/de\/event\/chantiers-nature-2025\/\" \/>\n<meta property=\"og:site_name\" content=\"natur&amp;\u00ebmwelt a.s.b.l.\" \/>\n<meta property=\"article:publisher\" content=\"https:\/\/www.facebook.com\/naturemwelt\/\" \/>\n<meta property=\"article:modified_time\" content=\"2025-01-15T13:54:08+00:00\" \/>\n<meta name=\"twitter:card\" content=\"summary_large_image\" \/>\n<meta name=\"twitter:site\" content=\"@Natur_an_Emwelt\" \/>\n<meta name=\"twitter:label1\" content=\"Gesch\u00e4tzte Lesezeit\" \/>\n\t<meta name=\"twitter:data1\" content=\"1\u00a0Minute\" \/>\n<script type=\"application\/ld+json\" class=\"yoast-schema-graph\">{\"@context\":\"https:\\\/\\\/schema.org\",\"@graph\":[{\"@type\":\"WebPage\",\"@id\":\"https:\\\/\\\/www.naturemweltasbl.lu\\\/de\\\/event\\\/chantiers-nature-2025\\\/\",\"url\":\"https:\\\/\\\/www.naturemweltasbl.lu\\\/de\\\/event\\\/chantiers-nature-2025\\\/\",\"name\":\"Chantiers nature 2025 - natur&amp;\u00ebmwelt a.s.b.l.\",\"isPartOf\":{\"@id\":\"https:\\\/\\\/www.naturemweltasbl.lu\\\/#website\"},\"primaryImageOfPage\":{\"@id\":\"https:\\\/\\\/www.naturemweltasbl.lu\\\/de\\\/event\\\/chantiers-nature-2025\\\/#primaryimage\"},\"image\":{\"@id\":\"https:\\\/\\\/www.naturemweltasbl.lu\\\/de\\\/event\\\/chantiers-nature-2025\\\/#primaryimage\"},\"thumbnailUrl\":\"https:\\\/\\\/www.naturemweltasbl.lu\\\/wp-content\\\/uploads\\\/2025\\\/01\\\/Beetebuerg_802-1.png\",\"datePublished\":\"2025-01-15T13:48:09+00:00\",\"dateModified\":\"2025-01-15T13:54:08+00:00\",\"breadcrumb\":{\"@id\":\"https:\\\/\\\/www.naturemweltasbl.lu\\\/de\\\/event\\\/chantiers-nature-2025\\\/#breadcrumb\"},\"inLanguage\":\"de\",\"potentialAction\":[{\"@type\":\"ReadAction\",\"target\":[\"https:\\\/\\\/www.naturemweltasbl.lu\\\/de\\\/event\\\/chantiers-nature-2025\\\/\"]}]},{\"@type\":\"ImageObject\",\"inLanguage\":\"de\",\"@id\":\"https:\\\/\\\/www.naturemweltasbl.lu\\\/de\\\/event\\\/chantiers-nature-2025\\\/#primaryimage\",\"url\":\"https:\\\/\\\/www.naturemweltasbl.lu\\\/wp-content\\\/uploads\\\/2025\\\/01\\\/Beetebuerg_802-1.png\",\"contentUrl\":\"https:\\\/\\\/www.naturemweltasbl.lu\\\/wp-content\\\/uploads\\\/2025\\\/01\\\/Beetebuerg_802-1.png\",\"width\":940,\"height\":788},{\"@type\":\"BreadcrumbList\",\"@id\":\"https:\\\/\\\/www.naturemweltasbl.lu\\\/de\\\/event\\\/chantiers-nature-2025\\\/#breadcrumb\",\"itemListElement\":[{\"@type\":\"ListItem\",\"position\":1,\"name\":\"Startseite\",\"item\":\"https:\\\/\\\/www.naturemweltasbl.lu\\\/de\\\/\"},{\"@type\":\"ListItem\",\"position\":2,\"name\":\"\u00c9v\u00e8nements\",\"item\":\"https:\\\/\\\/www.naturemweltasbl.lu\\\/events\\\/\"},{\"@type\":\"ListItem\",\"position\":3,\"name\":\"Chantiers nature 2025\"}]},{\"@type\":\"WebSite\",\"@id\":\"https:\\\/\\\/www.naturemweltasbl.lu\\\/#website\",\"url\":\"https:\\\/\\\/www.naturemweltasbl.lu\\\/\",\"name\":\"natur&\u00ebmwelt a.s.b.l.\",\"description\":\"\",\"publisher\":{\"@id\":\"https:\\\/\\\/www.naturemweltasbl.lu\\\/#organization\"},\"potentialAction\":[{\"@type\":\"SearchAction\",\"target\":{\"@type\":\"EntryPoint\",\"urlTemplate\":\"https:\\\/\\\/www.naturemweltasbl.lu\\\/?s={search_term_string}\"},\"query-input\":{\"@type\":\"PropertyValueSpecification\",\"valueRequired\":true,\"valueName\":\"search_term_string\"}}],\"inLanguage\":\"de\"},{\"@type\":\"Organization\",\"@id\":\"https:\\\/\\\/www.naturemweltasbl.lu\\\/#organization\",\"name\":\"natur&\u00ebmwelt a.s.b.l.\",\"url\":\"https:\\\/\\\/www.naturemweltasbl.lu\\\/\",\"logo\":{\"@type\":\"ImageObject\",\"inLanguage\":\"de\",\"@id\":\"https:\\\/\\\/www.naturemweltasbl.lu\\\/#\\\/schema\\\/logo\\\/image\\\/\",\"url\":\"https:\\\/\\\/www.naturemweltasbl.lu\\\/wp-content\\\/uploads\\\/2024\\\/07\\\/NE_Logo_asbl_RGB-e1720014142276.png\",\"contentUrl\":\"https:\\\/\\\/www.naturemweltasbl.lu\\\/wp-content\\\/uploads\\\/2024\\\/07\\\/NE_Logo_asbl_RGB-e1720014142276.png\",\"width\":432,\"height\":254,\"caption\":\"natur&\u00ebmwelt a.s.b.l.\"},\"image\":{\"@id\":\"https:\\\/\\\/www.naturemweltasbl.lu\\\/#\\\/schema\\\/logo\\\/image\\\/\"},\"sameAs\":[\"https:\\\/\\\/www.facebook.com\\\/naturemwelt\\\/\",\"https:\\\/\\\/x.com\\\/Natur_an_Emwelt\",\"https:\\\/\\\/www.instagram.com\\\/naturemwelt\\\/\",\"https:\\\/\\\/www.youtube.com\\\/user\\\/naturemwelt\",\"https:\\\/\\\/lu.linkedin.com\\\/company\\\/naturemweltasbl?trk=similar-pages\"]}]}<\/script>\n<!-- \/ Yoast SEO plugin. -->","yoast_head_json":{"title":"Chantiers nature 2025 - natur&amp;\u00ebmwelt a.s.b.l.","robots":{"index":"index","follow":"follow","max-snippet":"max-snippet:-1","max-image-preview":"max-image-preview:large","max-video-preview":"max-video-preview:-1"},"canonical":"https:\/\/www.naturemweltasbl.lu\/de\/event\/chantiers-nature-2025\/","og_locale":"de_DE","og_type":"article","og_title":"Chantiers nature 2025 - natur&amp;\u00ebmwelt a.s.b.l.","og_description":"Die in der vergangenen Brutsaison besetzten Nistk\u00e4sten werden gereinigt; neue [...]","og_url":"https:\/\/www.naturemweltasbl.lu\/de\/event\/chantiers-nature-2025\/","og_site_name":"natur&amp;\u00ebmwelt a.s.b.l.","article_publisher":"https:\/\/www.facebook.com\/naturemwelt\/","article_modified_time":"2025-01-15T13:54:08+00:00","twitter_card":"summary_large_image","twitter_site":"@Natur_an_Emwelt","twitter_misc":{"Gesch\u00e4tzte Lesezeit":"1\u00a0Minute"},"schema":{"@context":"https:\/\/schema.org","@graph":[{"@type":"WebPage","@id":"https:\/\/www.naturemweltasbl.lu\/de\/event\/chantiers-nature-2025\/","url":"https:\/\/www.naturemweltasbl.lu\/de\/event\/chantiers-nature-2025\/","name":"Chantiers nature 2025 - natur&amp;\u00ebmwelt a.s.b.l.","isPartOf":{"@id":"https:\/\/www.naturemweltasbl.lu\/#website"},"primaryImageOfPage":{"@id":"https:\/\/www.naturemweltasbl.lu\/de\/event\/chantiers-nature-2025\/#primaryimage"},"image":{"@id":"https:\/\/www.naturemweltasbl.lu\/de\/event\/chantiers-nature-2025\/#primaryimage"},"thumbnailUrl":"https:\/\/www.naturemweltasbl.lu\/wp-content\/uploads\/2025\/01\/Beetebuerg_802-1.png","datePublished":"2025-01-15T13:48:09+00:00","dateModified":"2025-01-15T13:54:08+00:00","breadcrumb":{"@id":"https:\/\/www.naturemweltasbl.lu\/de\/event\/chantiers-nature-2025\/#breadcrumb"},"inLanguage":"de","potentialAction":[{"@type":"ReadAction","target":["https:\/\/www.naturemweltasbl.lu\/de\/event\/chantiers-nature-2025\/"]}]},{"@type":"ImageObject","inLanguage":"de","@id":"https:\/\/www.naturemweltasbl.lu\/de\/event\/chantiers-nature-2025\/#primaryimage","url":"https:\/\/www.naturemweltasbl.lu\/wp-content\/uploads\/2025\/01\/Beetebuerg_802-1.png","contentUrl":"https:\/\/www.naturemweltasbl.lu\/wp-content\/uploads\/2025\/01\/Beetebuerg_802-1.png","width":940,"height":788},{"@type":"BreadcrumbList","@id":"https:\/\/www.naturemweltasbl.lu\/de\/event\/chantiers-nature-2025\/#breadcrumb","itemListElement":[{"@type":"ListItem","position":1,"name":"Startseite","item":"https:\/\/www.naturemweltasbl.lu\/de\/"},{"@type":"ListItem","position":2,"name":"\u00c9v\u00e8nements","item":"https:\/\/www.naturemweltasbl.lu\/events\/"},{"@type":"ListItem","position":3,"name":"Chantiers nature 2025"}]},{"@type":"WebSite","@id":"https:\/\/www.naturemweltasbl.lu\/#website","url":"https:\/\/www.naturemweltasbl.lu\/","name":"natur&\u00ebmwelt a.s.b.l.","description":"","publisher":{"@id":"https:\/\/www.naturemweltasbl.lu\/#organization"},"potentialAction":[{"@type":"SearchAction","target":{"@type":"EntryPoint","urlTemplate":"https:\/\/www.naturemweltasbl.lu\/?s={search_term_string}"},"query-input":{"@type":"PropertyValueSpecification","valueRequired":true,"valueName":"search_term_string"}}],"inLanguage":"de"},{"@type":"Organization","@id":"https:\/\/www.naturemweltasbl.lu\/#organization","name":"natur&\u00ebmwelt a.s.b.l.","url":"https:\/\/www.naturemweltasbl.lu\/","logo":{"@type":"ImageObject","inLanguage":"de","@id":"https:\/\/www.naturemweltasbl.lu\/#\/schema\/logo\/image\/","url":"https:\/\/www.naturemweltasbl.lu\/wp-content\/uploads\/2024\/07\/NE_Logo_asbl_RGB-e1720014142276.png","contentUrl":"https:\/\/www.naturemweltasbl.lu\/wp-content\/uploads\/2024\/07\/NE_Logo_asbl_RGB-e1720014142276.png","width":432,"height":254,"caption":"natur&\u00ebmwelt a.s.b.l."},"image":{"@id":"https:\/\/www.naturemweltasbl.lu\/#\/schema\/logo\/image\/"},"sameAs":["https:\/\/www.facebook.com\/naturemwelt\/","https:\/\/x.com\/Natur_an_Emwelt","https:\/\/www.instagram.com\/naturemwelt\/","https:\/\/www.youtube.com\/user\/naturemwelt","https:\/\/lu.linkedin.com\/company\/naturemweltasbl?trk=similar-pages"]}]}},"_links":{"self":[{"href":"https:\/\/www.naturemweltasbl.lu\/de\/wp-json\/wp\/v2\/tribe_events\/5244","targetHints":{"allow":["GET"]}}],"collection":[{"href":"https:\/\/www.naturemweltasbl.lu\/de\/wp-json\/wp\/v2\/tribe_events"}],"about":[{"href":"https:\/\/www.naturemweltasbl.lu\/de\/wp-json\/wp\/v2\/types\/tribe_events"}],"author":[{"embeddable":true,"href":"https:\/\/www.naturemweltasbl.lu\/de\/wp-json\/wp\/v2\/users\/6"}],"version-history":[{"count":2,"href":"https:\/\/www.naturemweltasbl.lu\/de\/wp-json\/wp\/v2\/tribe_events\/5244\/revisions"}],"predecessor-version":[{"id":5246,"href":"https:\/\/www.naturemweltasbl.lu\/de\/wp-json\/wp\/v2\/tribe_events\/5244\/revisions\/5246"}],"wp:featuredmedia":[{"embeddable":true,"href":"https:\/\/www.naturemweltasbl.lu\/de\/wp-json\/wp\/v2\/media\/5297"}],"wp:attachment":[{"href":"https:\/\/www.naturemweltasbl.lu\/de\/wp-json\/wp\/v2\/media?parent=5244"}],"wp:term":[{"taxonomy":"post_tag","embeddable":true,"href":"https:\/\/www.naturemweltasbl.lu\/de\/wp-json\/wp\/v2\/tags?post=5244"},{"taxonomy":"tribe_events_cat","embeddable":true,"href":"https:\/\/www.naturemweltasbl.lu\/de\/wp-json\/wp\/v2\/tribe_events_cat?post=5244"}],"curies":[{"name":"wp","href":"https:\/\/api.w.org\/{rel}","templated":true}]}}

<p>Die in der vergangenen Brutsaison besetzten Nistkästen werden gereinigt; neue Kästen werden an den Bäumen festgemacht.</p>
<p><b>Treffpunkt : </b>Bongert Altenhoven Bettembourg</p>
<p><strong>Anmeldung</strong> bis zum 03.02.2025</p>
<p><strong>Kontakt : </strong> Usch Conrad : 621 779 010 / eugene.conrad@education.lu <i>natur&amp;ëmwelt<span class="Apple-converted-space"> </span></i></p>

<p>Die in der vergangenen Brutsaison besetzten Nistkästen werden gereinigt; neue [&#8230;]</p>

<!-- This site is optimized with the Yoast SEO plugin v27.5 - https://yoast.com/product/yoast-seo-wordpress/ -->
<title>Chantiers nature 2025 - natur&amp;ëmwelt a.s.b.l.</title>
<meta name="robots" content="index, follow, max-snippet:-1, max-image-preview:large, max-video-preview:-1" />
<link rel="canonical" href="https://www.naturemweltasbl.lu/de/event/chantiers-nature-2025/" />
<meta property="og:locale" content="de_DE" />
<meta property="og:type" content="article" />
<meta property="og:title" content="Chantiers nature 2025 - natur&amp;ëmwelt a.s.b.l." />
<meta property="og:description" content="Die in der vergangenen Brutsaison besetzten Nistkästen werden gereinigt; neue [...]" />
<meta property="og:url" content="https://www.naturemweltasbl.lu/de/event/chantiers-nature-2025/" />
<meta property="og:site_name" content="natur&amp;ëmwelt a.s.b.l." />
<meta property="article:publisher" content="https://www.facebook.com/naturemwelt/" />
<meta property="article:modified_time" content="2025-01-15T13:54:08+00:00" />
<meta name="twitter:card" content="summary_large_image" />
<meta name="twitter:site" content="@Natur_an_Emwelt" />
<meta name="twitter:label1" content="Geschätzte Lesezeit" />
	<meta name="twitter:data1" content="1 Minute" />
<script type="application/ld+json" class="yoast-schema-graph">{"@context":"https:\/\/schema.org","@graph":[{"@type":"WebPage","@id":"https:\/\/www.naturemweltasbl.lu\/de\/event\/chantiers-nature-2025\/","url":"https:\/\/www.naturemweltasbl.lu\/de\/event\/chantiers-nature-2025\/","name":"Chantiers nature 2025 - natur&amp;ëmwelt a.s.b.l.","isPartOf":{"@id":"https:\/\/www.naturemweltasbl.lu\/#website"},"primaryImageOfPage":{"@id":"https:\/\/www.naturemweltasbl.lu\/de\/event\/chantiers-nature-2025\/#primaryimage"},"image":{"@id":"https:\/\/www.naturemweltasbl.lu\/de\/event\/chantiers-nature-2025\/#primaryimage"},"thumbnailUrl":"https:\/\/www.naturemweltasbl.lu\/wp-content\/uploads\/2025\/01\/Beetebuerg_802-1.png","datePublished":"2025-01-15T13:48:09+00:00","dateModified":"2025-01-15T13:54:08+00:00","breadcrumb":{"@id":"https:\/\/www.naturemweltasbl.lu\/de\/event\/chantiers-nature-2025\/#breadcrumb"},"inLanguage":"de","potentialAction":[{"@type":"ReadAction","target":["https:\/\/www.naturemweltasbl.lu\/de\/event\/chantiers-nature-2025\/"]}]},{"@type":"ImageObject","inLanguage":"de","@id":"https:\/\/www.naturemweltasbl.lu\/de\/event\/chantiers-nature-2025\/#primaryimage","url":"https:\/\/www.naturemweltasbl.lu\/wp-content\/uploads\/2025\/01\/Beetebuerg_802-1.png","contentUrl":"https:\/\/www.naturemweltasbl.lu\/wp-content\/uploads\/2025\/01\/Beetebuerg_802-1.png","width":940,"height":788},{"@type":"BreadcrumbList","@id":"https:\/\/www.naturemweltasbl.lu\/de\/event\/chantiers-nature-2025\/#breadcrumb","itemListElement":[{"@type":"ListItem","position":1,"name":"Startseite","item":"https:\/\/www.naturemweltasbl.lu\/de\/"},{"@type":"ListItem","position":2,"name":"Évènements","item":"https:\/\/www.naturemweltasbl.lu\/events\/"},{"@type":"ListItem","position":3,"name":"Chantiers nature 2025"}]},{"@type":"WebSite","@id":"https:\/\/www.naturemweltasbl.lu\/#website","url":"https:\/\/www.naturemweltasbl.lu\/","name":"natur&ëmwelt a.s.b.l.","description":"","publisher":{"@id":"https:\/\/www.naturemweltasbl.lu\/#organization"},"potentialAction":[{"@type":"SearchAction","target":{"@type":"EntryPoint","urlTemplate":"https:\/\/www.naturemweltasbl.lu\/?s={search_term_string}"},"query-input":{"@type":"PropertyValueSpecification","valueRequired":true,"valueName":"search_term_string"}}],"inLanguage":"de"},{"@type":"Organization","@id":"https:\/\/www.naturemweltasbl.lu\/#organization","name":"natur&ëmwelt a.s.b.l.","url":"https:\/\/www.naturemweltasbl.lu\/","logo":{"@type":"ImageObject","inLanguage":"de","@id":"https:\/\/www.naturemweltasbl.lu\/#\/schema\/logo\/image\/","url":"https:\/\/www.naturemweltasbl.lu\/wp-content\/uploads\/2024\/07\/NE_Logo_asbl_RGB-e1720014142276.png","contentUrl":"https:\/\/www.naturemweltasbl.lu\/wp-content\/uploads\/2024\/07\/NE_Logo_asbl_RGB-e1720014142276.png","width":432,"height":254,"caption":"natur&ëmwelt a.s.b.l."},"image":{"@id":"https:\/\/www.naturemweltasbl.lu\/#\/schema\/logo\/image\/"},"sameAs":["https:\/\/www.facebook.com\/naturemwelt\/","https:\/\/x.com\/Natur_an_Emwelt","https:\/\/www.instagram.com\/naturemwelt\/","https:\/\/www.youtube.com\/user\/naturemwelt","https:\/\/lu.linkedin.com\/company\/naturemweltasbl?trk=similar-pages"]}]}</script>
<!-- / Yoast SEO plugin. -->

Chantiers nature 2025 - natur&amp;ëmwelt a.s.b.l.

Die in der vergangenen Brutsaison besetzten Nistkästen werden gereinigt; neue [...]

natur&amp;ëmwelt a.s.b.l.

Évènements

natur&ëmwelt a.s.b.l.
