{"id":4869,"date":"2024-07-23T10:13:01","date_gmt":"2024-07-23T08:13:01","guid":{"rendered":"https:\/\/cp33msbjmvs.preview.infomaniak.website\/faq-items\/comment-puis-je-aider-les-herissons-dans-mon-jardin\/"},"modified":"2024-12-17T12:06:04","modified_gmt":"2024-12-17T11:06:04","slug":"wie-kann-ich-den-igeln-in-meinem-garten-helfen","status":"publish","type":"avada_faq","link":"https:\/\/www.naturemweltasbl.lu\/de\/faq-items\/wie-kann-ich-den-igeln-in-meinem-garten-helfen\/","title":{"rendered":"Wie kann ich den Igeln in meinem Garten helfen?"},"content":{"rendered":"<p><strong>Wasser und Schutzr\u00e4ume helfen dem Igel.<\/strong> Wenn Sie dem Igel eine Freude bereiten m\u00f6chten, k\u00f6nnen Sie ihm eine Schale mit Wasser zur Verf\u00fcgung stellen. Wenn der Igel h\u00e4ufig Ihren Garten besucht, k\u00f6nnen Sie ihm auch einen kleinen Unterschlupf anbieten.<\/p>\n<p><strong>Wie baut man ein Igelhaus?<\/strong><\/p>\n<p>W\u00e4hlen Sie einen ruhigen Ort, der vor den vorherrschenden Winden gesch\u00fctzt ist, umgeben von Wildkr\u00e4utern wie Brennnesseln und anderen \u201eUnkr\u00e4utern\u201c. Lassen Sie diese Gartenfl\u00e4che verwildern, ohne den Rasenm\u00e4her zu benutzen. Es wird zu einem Bereich in Ihrem Garten, in dem die Biodiversit\u00e4t erhalten bleibt.<\/p>\n<p>H\u00e4ufen Sie Laub und Gras um das Igelhaus und auch auf dessen Dach. F\u00fcgen Sie zwei Handvoll Laub und kurzen, trockenen Grasstiel ins Innere des Hauses, um dem Igel zu helfen, ein Nest zu bauen. Tragen Sie Handschuhe, um Ihre H\u00e4nde zu sch\u00fctzen und um keine menschlichen Ger\u00fcche zu hinterlassen.<\/p>\n<p>Achten Sie darauf, dass der Igel leicht und sicher Zugang zu seinem Unterschlupf hat (Hecke rund um den Garten, eventuell ein Zementrohr an einem Zaun&#8230;).<\/p>\n<p>Indem Sie das Dach des Hauses anheben, k\u00f6nnen Sie leicht \u00fcberpr\u00fcfen, ob es tags\u00fcber bewohnt ist, wenn die Igel schlafen. Wenn das Haus jedoch kleine Igel enth\u00e4lt, \u00f6ffnen Sie es f\u00fcr 2 Monate nicht, damit die Jungen von ihrer Mutter ges\u00e4ugt werden k\u00f6nnen.<\/p>\n<p>Es kann sein, dass das Haus in den ersten Monaten leer bleibt. \u00dcberpr\u00fcfen Sie die Anwesenheit nach 6 bis 12 Monaten oder in der entsprechenden Saison. Wenn das Haus nach 2 Jahren immer noch nicht bewohnt ist, stellen Sie es an einen ruhigeren und weniger frequentierten Platz im Garten.<\/p>\n<p>Es ist wichtig, den Zustand des Hauses jedes Jahr zu \u00fcberpr\u00fcfen. Reinigen Sie das Haus im April, wenn m\u00f6glich.<\/p>\n","protected":false},"excerpt":{"rendered":"<p>Wasser und Schutzr\u00e4ume helfen dem Igel. Wenn Sie dem Igel [&#8230;]<\/p>\n","protected":false},"author":1,"featured_media":0,"menu_order":0,"comment_status":"open","ping_status":"closed","template":"","format":"standard","meta":{"footnotes":""},"faq_category":[219],"class_list":["post-4869","avada_faq","type-avada_faq","status-publish","format-standard","hentry","faq_category-mammiferes-de-2"],"yoast_head":"<!-- This site is optimized with the Yoast SEO plugin v27.4 - https:\/\/yoast.com\/product\/yoast-seo-wordpress\/ -->\n<title>Wie kann ich den Igeln in meinem Garten helfen? - natur&amp;\u00ebmwelt a.s.b.l.<\/title>\n<meta name=\"robots\" content=\"index, follow, max-snippet:-1, max-image-preview:large, max-video-preview:-1\" \/>\n<link rel=\"canonical\" href=\"https:\/\/www.naturemweltasbl.lu\/faq-items\/comment-puis-je-aider-les-herissons-dans-mon-jardin\/\" \/>\n<meta property=\"og:locale\" content=\"de_DE\" \/>\n<meta property=\"og:type\" content=\"article\" \/>\n<meta property=\"og:title\" content=\"Wie kann ich den Igeln in meinem Garten helfen? - natur&amp;\u00ebmwelt a.s.b.l.\" \/>\n<meta property=\"og:description\" content=\"Wasser und Schutzr\u00e4ume helfen dem Igel. Wenn Sie dem Igel [...]\" \/>\n<meta property=\"og:url\" content=\"https:\/\/www.naturemweltasbl.lu\/faq-items\/comment-puis-je-aider-les-herissons-dans-mon-jardin\/\" \/>\n<meta property=\"og:site_name\" content=\"natur&amp;\u00ebmwelt a.s.b.l.\" \/>\n<meta property=\"article:publisher\" content=\"https:\/\/www.facebook.com\/naturemwelt\/\" \/>\n<meta property=\"article:modified_time\" content=\"2024-12-17T11:06:04+00:00\" \/>\n<meta name=\"twitter:card\" content=\"summary_large_image\" \/>\n<meta name=\"twitter:site\" content=\"@Natur_an_Emwelt\" \/>\n<meta name=\"twitter:label1\" content=\"Gesch\u00e4tzte Lesezeit\" \/>\n\t<meta name=\"twitter:data1\" content=\"2\u00a0Minuten\" \/>\n<script type=\"application\/ld+json\" class=\"yoast-schema-graph\">{\"@context\":\"https:\\\/\\\/schema.org\",\"@graph\":[{\"@type\":\"WebPage\",\"@id\":\"https:\\\/\\\/www.naturemweltasbl.lu\\\/faq-items\\\/comment-puis-je-aider-les-herissons-dans-mon-jardin\\\/\",\"url\":\"https:\\\/\\\/www.naturemweltasbl.lu\\\/faq-items\\\/comment-puis-je-aider-les-herissons-dans-mon-jardin\\\/\",\"name\":\"Wie kann ich den Igeln in meinem Garten helfen? - natur&amp;\u00ebmwelt a.s.b.l.\",\"isPartOf\":{\"@id\":\"https:\\\/\\\/www.naturemweltasbl.lu\\\/#website\"},\"datePublished\":\"2024-07-23T08:13:01+00:00\",\"dateModified\":\"2024-12-17T11:06:04+00:00\",\"breadcrumb\":{\"@id\":\"https:\\\/\\\/www.naturemweltasbl.lu\\\/faq-items\\\/comment-puis-je-aider-les-herissons-dans-mon-jardin\\\/#breadcrumb\"},\"inLanguage\":\"de\",\"potentialAction\":[{\"@type\":\"ReadAction\",\"target\":[\"https:\\\/\\\/www.naturemweltasbl.lu\\\/faq-items\\\/comment-puis-je-aider-les-herissons-dans-mon-jardin\\\/\"]}]},{\"@type\":\"BreadcrumbList\",\"@id\":\"https:\\\/\\\/www.naturemweltasbl.lu\\\/faq-items\\\/comment-puis-je-aider-les-herissons-dans-mon-jardin\\\/#breadcrumb\",\"itemListElement\":[{\"@type\":\"ListItem\",\"position\":1,\"name\":\"Startseite\",\"item\":\"https:\\\/\\\/www.naturemweltasbl.lu\\\/de\\\/\"},{\"@type\":\"ListItem\",\"position\":2,\"name\":\"FAQs\",\"item\":\"https:\\\/\\\/www.naturemweltasbl.lu\\\/faq-items\\\/\"},{\"@type\":\"ListItem\",\"position\":3,\"name\":\"Wie kann ich den Igeln in meinem Garten helfen?\"}]},{\"@type\":\"WebSite\",\"@id\":\"https:\\\/\\\/www.naturemweltasbl.lu\\\/#website\",\"url\":\"https:\\\/\\\/www.naturemweltasbl.lu\\\/\",\"name\":\"natur&\u00ebmwelt a.s.b.l.\",\"description\":\"\",\"publisher\":{\"@id\":\"https:\\\/\\\/www.naturemweltasbl.lu\\\/#organization\"},\"potentialAction\":[{\"@type\":\"SearchAction\",\"target\":{\"@type\":\"EntryPoint\",\"urlTemplate\":\"https:\\\/\\\/www.naturemweltasbl.lu\\\/?s={search_term_string}\"},\"query-input\":{\"@type\":\"PropertyValueSpecification\",\"valueRequired\":true,\"valueName\":\"search_term_string\"}}],\"inLanguage\":\"de\"},{\"@type\":\"Organization\",\"@id\":\"https:\\\/\\\/www.naturemweltasbl.lu\\\/#organization\",\"name\":\"natur&\u00ebmwelt a.s.b.l.\",\"url\":\"https:\\\/\\\/www.naturemweltasbl.lu\\\/\",\"logo\":{\"@type\":\"ImageObject\",\"inLanguage\":\"de\",\"@id\":\"https:\\\/\\\/www.naturemweltasbl.lu\\\/#\\\/schema\\\/logo\\\/image\\\/\",\"url\":\"https:\\\/\\\/www.naturemweltasbl.lu\\\/wp-content\\\/uploads\\\/2024\\\/07\\\/NE_Logo_asbl_RGB-e1720014142276.png\",\"contentUrl\":\"https:\\\/\\\/www.naturemweltasbl.lu\\\/wp-content\\\/uploads\\\/2024\\\/07\\\/NE_Logo_asbl_RGB-e1720014142276.png\",\"width\":432,\"height\":254,\"caption\":\"natur&\u00ebmwelt a.s.b.l.\"},\"image\":{\"@id\":\"https:\\\/\\\/www.naturemweltasbl.lu\\\/#\\\/schema\\\/logo\\\/image\\\/\"},\"sameAs\":[\"https:\\\/\\\/www.facebook.com\\\/naturemwelt\\\/\",\"https:\\\/\\\/x.com\\\/Natur_an_Emwelt\",\"https:\\\/\\\/www.instagram.com\\\/naturemwelt\\\/\",\"https:\\\/\\\/www.youtube.com\\\/user\\\/naturemwelt\",\"https:\\\/\\\/lu.linkedin.com\\\/company\\\/naturemweltasbl?trk=similar-pages\"]}]}<\/script>\n<!-- \/ Yoast SEO plugin. -->","yoast_head_json":{"title":"Wie kann ich den Igeln in meinem Garten helfen? - natur&amp;\u00ebmwelt a.s.b.l.","robots":{"index":"index","follow":"follow","max-snippet":"max-snippet:-1","max-image-preview":"max-image-preview:large","max-video-preview":"max-video-preview:-1"},"canonical":"https:\/\/www.naturemweltasbl.lu\/faq-items\/comment-puis-je-aider-les-herissons-dans-mon-jardin\/","og_locale":"de_DE","og_type":"article","og_title":"Wie kann ich den Igeln in meinem Garten helfen? - natur&amp;\u00ebmwelt a.s.b.l.","og_description":"Wasser und Schutzr\u00e4ume helfen dem Igel. Wenn Sie dem Igel [...]","og_url":"https:\/\/www.naturemweltasbl.lu\/faq-items\/comment-puis-je-aider-les-herissons-dans-mon-jardin\/","og_site_name":"natur&amp;\u00ebmwelt a.s.b.l.","article_publisher":"https:\/\/www.facebook.com\/naturemwelt\/","article_modified_time":"2024-12-17T11:06:04+00:00","twitter_card":"summary_large_image","twitter_site":"@Natur_an_Emwelt","twitter_misc":{"Gesch\u00e4tzte Lesezeit":"2\u00a0Minuten"},"schema":{"@context":"https:\/\/schema.org","@graph":[{"@type":"WebPage","@id":"https:\/\/www.naturemweltasbl.lu\/faq-items\/comment-puis-je-aider-les-herissons-dans-mon-jardin\/","url":"https:\/\/www.naturemweltasbl.lu\/faq-items\/comment-puis-je-aider-les-herissons-dans-mon-jardin\/","name":"Wie kann ich den Igeln in meinem Garten helfen? - natur&amp;\u00ebmwelt a.s.b.l.","isPartOf":{"@id":"https:\/\/www.naturemweltasbl.lu\/#website"},"datePublished":"2024-07-23T08:13:01+00:00","dateModified":"2024-12-17T11:06:04+00:00","breadcrumb":{"@id":"https:\/\/www.naturemweltasbl.lu\/faq-items\/comment-puis-je-aider-les-herissons-dans-mon-jardin\/#breadcrumb"},"inLanguage":"de","potentialAction":[{"@type":"ReadAction","target":["https:\/\/www.naturemweltasbl.lu\/faq-items\/comment-puis-je-aider-les-herissons-dans-mon-jardin\/"]}]},{"@type":"BreadcrumbList","@id":"https:\/\/www.naturemweltasbl.lu\/faq-items\/comment-puis-je-aider-les-herissons-dans-mon-jardin\/#breadcrumb","itemListElement":[{"@type":"ListItem","position":1,"name":"Startseite","item":"https:\/\/www.naturemweltasbl.lu\/de\/"},{"@type":"ListItem","position":2,"name":"FAQs","item":"https:\/\/www.naturemweltasbl.lu\/faq-items\/"},{"@type":"ListItem","position":3,"name":"Wie kann ich den Igeln in meinem Garten helfen?"}]},{"@type":"WebSite","@id":"https:\/\/www.naturemweltasbl.lu\/#website","url":"https:\/\/www.naturemweltasbl.lu\/","name":"natur&\u00ebmwelt a.s.b.l.","description":"","publisher":{"@id":"https:\/\/www.naturemweltasbl.lu\/#organization"},"potentialAction":[{"@type":"SearchAction","target":{"@type":"EntryPoint","urlTemplate":"https:\/\/www.naturemweltasbl.lu\/?s={search_term_string}"},"query-input":{"@type":"PropertyValueSpecification","valueRequired":true,"valueName":"search_term_string"}}],"inLanguage":"de"},{"@type":"Organization","@id":"https:\/\/www.naturemweltasbl.lu\/#organization","name":"natur&\u00ebmwelt a.s.b.l.","url":"https:\/\/www.naturemweltasbl.lu\/","logo":{"@type":"ImageObject","inLanguage":"de","@id":"https:\/\/www.naturemweltasbl.lu\/#\/schema\/logo\/image\/","url":"https:\/\/www.naturemweltasbl.lu\/wp-content\/uploads\/2024\/07\/NE_Logo_asbl_RGB-e1720014142276.png","contentUrl":"https:\/\/www.naturemweltasbl.lu\/wp-content\/uploads\/2024\/07\/NE_Logo_asbl_RGB-e1720014142276.png","width":432,"height":254,"caption":"natur&\u00ebmwelt a.s.b.l."},"image":{"@id":"https:\/\/www.naturemweltasbl.lu\/#\/schema\/logo\/image\/"},"sameAs":["https:\/\/www.facebook.com\/naturemwelt\/","https:\/\/x.com\/Natur_an_Emwelt","https:\/\/www.instagram.com\/naturemwelt\/","https:\/\/www.youtube.com\/user\/naturemwelt","https:\/\/lu.linkedin.com\/company\/naturemweltasbl?trk=similar-pages"]}]}},"_links":{"self":[{"href":"https:\/\/www.naturemweltasbl.lu\/de\/wp-json\/wp\/v2\/avada_faq\/4869","targetHints":{"allow":["GET"]}}],"collection":[{"href":"https:\/\/www.naturemweltasbl.lu\/de\/wp-json\/wp\/v2\/avada_faq"}],"about":[{"href":"https:\/\/www.naturemweltasbl.lu\/de\/wp-json\/wp\/v2\/types\/avada_faq"}],"author":[{"embeddable":true,"href":"https:\/\/www.naturemweltasbl.lu\/de\/wp-json\/wp\/v2\/users\/1"}],"replies":[{"embeddable":true,"href":"https:\/\/www.naturemweltasbl.lu\/de\/wp-json\/wp\/v2\/comments?post=4869"}],"version-history":[{"count":2,"href":"https:\/\/www.naturemweltasbl.lu\/de\/wp-json\/wp\/v2\/avada_faq\/4869\/revisions"}],"predecessor-version":[{"id":4873,"href":"https:\/\/www.naturemweltasbl.lu\/de\/wp-json\/wp\/v2\/avada_faq\/4869\/revisions\/4873"}],"wp:attachment":[{"href":"https:\/\/www.naturemweltasbl.lu\/de\/wp-json\/wp\/v2\/media?parent=4869"}],"wp:term":[{"taxonomy":"faq_category","embeddable":true,"href":"https:\/\/www.naturemweltasbl.lu\/de\/wp-json\/wp\/v2\/faq_category?post=4869"}],"curies":[{"name":"wp","href":"https:\/\/api.w.org\/{rel}","templated":true}]}}

<p><strong>Wasser und Schutzräume helfen dem Igel.</strong> Wenn Sie dem Igel eine Freude bereiten möchten, können Sie ihm eine Schale mit Wasser zur Verfügung stellen. Wenn der Igel häufig Ihren Garten besucht, können Sie ihm auch einen kleinen Unterschlupf anbieten.</p>
<p><strong>Wie baut man ein Igelhaus?</strong></p>
<p>Wählen Sie einen ruhigen Ort, der vor den vorherrschenden Winden geschützt ist, umgeben von Wildkräutern wie Brennnesseln und anderen „Unkräutern“. Lassen Sie diese Gartenfläche verwildern, ohne den Rasenmäher zu benutzen. Es wird zu einem Bereich in Ihrem Garten, in dem die Biodiversität erhalten bleibt.</p>
<p>Häufen Sie Laub und Gras um das Igelhaus und auch auf dessen Dach. Fügen Sie zwei Handvoll Laub und kurzen, trockenen Grasstiel ins Innere des Hauses, um dem Igel zu helfen, ein Nest zu bauen. Tragen Sie Handschuhe, um Ihre Hände zu schützen und um keine menschlichen Gerüche zu hinterlassen.</p>
<p>Achten Sie darauf, dass der Igel leicht und sicher Zugang zu seinem Unterschlupf hat (Hecke rund um den Garten, eventuell ein Zementrohr an einem Zaun&#8230;).</p>
<p>Indem Sie das Dach des Hauses anheben, können Sie leicht überprüfen, ob es tagsüber bewohnt ist, wenn die Igel schlafen. Wenn das Haus jedoch kleine Igel enthält, öffnen Sie es für 2 Monate nicht, damit die Jungen von ihrer Mutter gesäugt werden können.</p>
<p>Es kann sein, dass das Haus in den ersten Monaten leer bleibt. Überprüfen Sie die Anwesenheit nach 6 bis 12 Monaten oder in der entsprechenden Saison. Wenn das Haus nach 2 Jahren immer noch nicht bewohnt ist, stellen Sie es an einen ruhigeren und weniger frequentierten Platz im Garten.</p>
<p>Es ist wichtig, den Zustand des Hauses jedes Jahr zu überprüfen. Reinigen Sie das Haus im April, wenn möglich.</p>

<p>Wasser und Schutzräume helfen dem Igel. Wenn Sie dem Igel [&#8230;]</p>

<!-- This site is optimized with the Yoast SEO plugin v27.4 - https://yoast.com/product/yoast-seo-wordpress/ -->
<title>Wie kann ich den Igeln in meinem Garten helfen? - natur&amp;ëmwelt a.s.b.l.</title>
<meta name="robots" content="index, follow, max-snippet:-1, max-image-preview:large, max-video-preview:-1" />
<link rel="canonical" href="https://www.naturemweltasbl.lu/faq-items/comment-puis-je-aider-les-herissons-dans-mon-jardin/" />
<meta property="og:locale" content="de_DE" />
<meta property="og:type" content="article" />
<meta property="og:title" content="Wie kann ich den Igeln in meinem Garten helfen? - natur&amp;ëmwelt a.s.b.l." />
<meta property="og:description" content="Wasser und Schutzräume helfen dem Igel. Wenn Sie dem Igel [...]" />
<meta property="og:url" content="https://www.naturemweltasbl.lu/faq-items/comment-puis-je-aider-les-herissons-dans-mon-jardin/" />
<meta property="og:site_name" content="natur&amp;ëmwelt a.s.b.l." />
<meta property="article:publisher" content="https://www.facebook.com/naturemwelt/" />
<meta property="article:modified_time" content="2024-12-17T11:06:04+00:00" />
<meta name="twitter:card" content="summary_large_image" />
<meta name="twitter:site" content="@Natur_an_Emwelt" />
<meta name="twitter:label1" content="Geschätzte Lesezeit" />
	<meta name="twitter:data1" content="2 Minuten" />
<script type="application/ld+json" class="yoast-schema-graph">{"@context":"https:\/\/schema.org","@graph":[{"@type":"WebPage","@id":"https:\/\/www.naturemweltasbl.lu\/faq-items\/comment-puis-je-aider-les-herissons-dans-mon-jardin\/","url":"https:\/\/www.naturemweltasbl.lu\/faq-items\/comment-puis-je-aider-les-herissons-dans-mon-jardin\/","name":"Wie kann ich den Igeln in meinem Garten helfen? - natur&amp;ëmwelt a.s.b.l.","isPartOf":{"@id":"https:\/\/www.naturemweltasbl.lu\/#website"},"datePublished":"2024-07-23T08:13:01+00:00","dateModified":"2024-12-17T11:06:04+00:00","breadcrumb":{"@id":"https:\/\/www.naturemweltasbl.lu\/faq-items\/comment-puis-je-aider-les-herissons-dans-mon-jardin\/#breadcrumb"},"inLanguage":"de","potentialAction":[{"@type":"ReadAction","target":["https:\/\/www.naturemweltasbl.lu\/faq-items\/comment-puis-je-aider-les-herissons-dans-mon-jardin\/"]}]},{"@type":"BreadcrumbList","@id":"https:\/\/www.naturemweltasbl.lu\/faq-items\/comment-puis-je-aider-les-herissons-dans-mon-jardin\/#breadcrumb","itemListElement":[{"@type":"ListItem","position":1,"name":"Startseite","item":"https:\/\/www.naturemweltasbl.lu\/de\/"},{"@type":"ListItem","position":2,"name":"FAQs","item":"https:\/\/www.naturemweltasbl.lu\/faq-items\/"},{"@type":"ListItem","position":3,"name":"Wie kann ich den Igeln in meinem Garten helfen?"}]},{"@type":"WebSite","@id":"https:\/\/www.naturemweltasbl.lu\/#website","url":"https:\/\/www.naturemweltasbl.lu\/","name":"natur&ëmwelt a.s.b.l.","description":"","publisher":{"@id":"https:\/\/www.naturemweltasbl.lu\/#organization"},"potentialAction":[{"@type":"SearchAction","target":{"@type":"EntryPoint","urlTemplate":"https:\/\/www.naturemweltasbl.lu\/?s={search_term_string}"},"query-input":{"@type":"PropertyValueSpecification","valueRequired":true,"valueName":"search_term_string"}}],"inLanguage":"de"},{"@type":"Organization","@id":"https:\/\/www.naturemweltasbl.lu\/#organization","name":"natur&ëmwelt a.s.b.l.","url":"https:\/\/www.naturemweltasbl.lu\/","logo":{"@type":"ImageObject","inLanguage":"de","@id":"https:\/\/www.naturemweltasbl.lu\/#\/schema\/logo\/image\/","url":"https:\/\/www.naturemweltasbl.lu\/wp-content\/uploads\/2024\/07\/NE_Logo_asbl_RGB-e1720014142276.png","contentUrl":"https:\/\/www.naturemweltasbl.lu\/wp-content\/uploads\/2024\/07\/NE_Logo_asbl_RGB-e1720014142276.png","width":432,"height":254,"caption":"natur&ëmwelt a.s.b.l."},"image":{"@id":"https:\/\/www.naturemweltasbl.lu\/#\/schema\/logo\/image\/"},"sameAs":["https:\/\/www.facebook.com\/naturemwelt\/","https:\/\/x.com\/Natur_an_Emwelt","https:\/\/www.instagram.com\/naturemwelt\/","https:\/\/www.youtube.com\/user\/naturemwelt","https:\/\/lu.linkedin.com\/company\/naturemweltasbl?trk=similar-pages"]}]}</script>
<!-- / Yoast SEO plugin. -->

Wie kann ich den Igeln in meinem Garten helfen? - natur&amp;ëmwelt a.s.b.l.

Wasser und Schutzräume helfen dem Igel. Wenn Sie dem Igel [...]

natur&amp;ëmwelt a.s.b.l.

natur&ëmwelt a.s.b.l.
